10). What is the greatest common divisor of y and r?
11
Let j(q) = -q**2 + q + 24. Let w be j(0). Let u(c) = 74*c + 386. Let p be u(-5). What is the highest common factor of p and w?
8
Suppose 12*l + 6 + 18 = 0. Let w(j) = 17*j**2 - 20*j - 36. Let x be w(l). What is the greatest common factor of x and 81?
9
Let z(j) = 2*j**3 + 19*j**2 + 6*j - 25. Let g be z(-9). Suppose -3*v = g - 32. What is the greatest common factor of 6 and v?
2
Suppose 3*w - 4*r - 4229 = 0, -26*r + 25*r + 5607 = 4*w. Calculate the highest common divisor of w and 183.
61
Let j(a) = 6*a**2 + 136*a + 42. Let v be j(10). What is the highest common divisor of 28 and v?
14
Suppose -5*y + 350 = 4*k, 80 = -3*k - 3*y + 341. Let n = 117 - k. Suppose 1046 = 5*g - 234. Calculate the highest common factor of n and g.
32
Let r(k) = -k**3 - k**2 - k - 4. Let p = -245 - -243. Let w be r(p). What is the greatest common divisor of 27 and w?
1
Suppose 137*u = -138*u + 360097 + 179728. What is the highest common factor of 13 and u?
13
Let q = -24080 - -24119. Calculate the highest common divisor of 2171 and q.
13
Let f(w) = w**2 + 2*w - 5. Let l be f(5). Suppose -6 - l = -4*s. Suppose -s*h + 5*h + 32 = 0. Calculate the greatest common divisor of h and 32.
8
Let u = -118 - -201. Suppose 2*r + 4*h = -h + 63, -u = -2*r - h. Calculate the greatest common factor of r and 8.
4
Suppose -7 = 8*d - 39. Suppose 5*a = d*v - 57, 5*a + 2 = -3*v + 1. Let q be (-171)/(-3) + (-3)/3. Calculate the greatest common divisor of v and q.
8
Let d = 10332 + -10304. Calculate the greatest common factor of d and 1432.
4
Let a(n) = -n**3 + 3*n**2 + 4*n - 13. Let f be a(-6). Calculate the highest common factor of 328 and f.
41
Suppose 3*f - 162 = 4*p - 240, 2*f - 14 = -p. What is the highest common divisor of p and 4770?
18
Suppose 126 = 2*o + 5*n, 1123*n - 252 = -4*o + 1121*n. Calculate the greatest common factor of o and 203.
7
Let d(c) = 5*c**3 + 17*c**2 + 2*c + 3. Let s be d(-2). What is the greatest common factor of 225 and s?
9
Suppose -58 = -166*q + 1270. What is the greatest common factor of 968 and q?
8
Suppose 8*v = -73 - 71. Let n be 0 + -30*(-3)/(v/(-39)). What is the highest common factor of n and 15?
15
Let v = -125 + 217. Let k = 98 - v. Suppose -5*u + o = -o - 37, -2*u + 3*o = -k. What is the highest common factor of u and 18?
9
Let s be ((-722460)/(-80) + -24)/(6/8) - 4. Calculate the greatest common factor of 490 and s.
245
Let l(v) = 47*v - 694. Let m be l(16). What is the greatest common divisor of 5974 and m?
58
Let y(d) = -2*d**3 + 70*d**2 - 586*d - 102. Let x be y(18). What is the highest common factor of 26901 and x?
183
Suppose 303*i = 298*i + 20. What is the greatest common factor of 1916 and i?
4
Let n be -129*415*17/(-255). What is the highest common factor of 83 and n?
83
Suppose -o + 31 = -2*s - 5, 0 = -o + 5*s + 33. Suppose y + 2 = m - 3*y, 3*m - o = 4*y. What is the highest common factor of m and 42?
6
Suppose -j - 1172*n + 1169*n = -597, 0 = 3*j + 3*n - 1749. What is the greatest common factor of j and 153?
9
Suppose -58 = -4*g + 70. Suppose -73*y + 4480 = 141*y - 74*y. Calculate the greatest common divisor of g and y.
32
Let i be ((-12 + 1)/1)/((-241)/482). Let c = -110 + 286. What is the highest common divisor of c and i?
22
Let p(z) = z**2 + 12*z + 15. Let w be p(-9). Let b = 23 + w. Suppose -71 + 335 = b*i. Calculate the highest common factor of 120 and i.
24
Let g be 1*((-28)/70 - (-13911)/15). Calculate the greatest common factor of 18 and g.
9
Let g be -12 + 2/(-10*6/(-13320)). Calculate the greatest common divisor of g and 80.
16
Let h = -8903 + 9153. What is the greatest common factor of 3875 and h?
125
Let i be (-4)/180*-6 - (-5 - 14186/30). What is the highest common factor of 1673 and i?
239
Let r be 2/((-63742)/5796 + 11). What is the greatest common factor of 115 and r?
23
Let p = -187 + 199. Let k(w) = w**2 + 22*w + 138. Let v be k(0). Calculate the highest common divisor of p and v.
6
Let f = -2338 + 2340. Suppose 0 = -2*a - 0*c - 3*c + 52, -5*c = 0. What is the greatest common divisor of a and f?
2
Suppose 33189 = -10*p - 29*p + 52*p. Calculate the greatest common factor of 333 and p.
111
Suppose -6*a = 6*a + 7*a - 5719. What is the greatest common divisor of 35 and a?
7
Let r(j) = 89*j + 1103. Let n be r(-12). Calculate the highest common divisor of n and 287.
7
Suppose l - 18*u = -20*u + 37, 370 = 10*l - 3*u. Let n = -180 + 368. Suppose 4*r + n = h + r, 0 = -r - 1. Calculate the highest common divisor of l and h.
37
Suppose -l + 3*l - 2388 = 0. Let v = -853 + l. Suppose -5*i - 109 = -4*s, 2*s - 50 = 7*i - 3*i. Calculate the highest common divisor of s and v.
31
Let z(n) = -2*n**3 - 29*n**2 - 71*n - 758. Let a be z(-14). What is the highest common factor of 2050 and a?
10
Let t(f) = 11*f**2 + 35*f + 276. Let n be t(-6). Calculate the highest common factor of 726 and n.
66
Suppose -9*q + 19311 = 6963. What is the greatest common factor of 21 and q?
7
Suppose 4*w = n - 55, 5*n = -0*w + 5*w + 230. Suppose 48*s = n*s + 350. What is the greatest common divisor of 40 and s?
10
Let y(q) = 68*q - 40. Let m be y(-3). Let z = 433 + m. Calculate the highest common factor of z and 42.
21
Let r(g) = 25*g - 171. Let t(d) = -17*d + 116. Let p(q) = -5*r(q) - 8*t(q). Let j be p(7). What is the greatest common divisor of j and 76?
4
Suppose 180*a = 165*a + 240. What is the highest common divisor of a and 68?
4
Let z be 141/329 + (-4)/(-7) + 1223. Suppose 3*j = -48*j + z. What is the greatest common divisor of j and 30?
6
Suppose 5*z = 166 + 44. Let n = -32745 - -33123. What is the greatest common divisor of z and n?
42
Let b = 0 + -147. Let k = b + 152. What is the greatest common divisor of k and 35?
5
Suppose -14*b = -5393 - 20143. Calculate the greatest common factor of 209 and b.
19
Let y be 525/6*16/20. Let c = 362 + -82. What is the greatest common factor of c and y?
70
Let v = -7387 + 8806. Calculate the greatest common factor of 66 and v.
33
Suppose 7*y = g + 6*y - 34, 5*g - 4*y = 167. Calculate the highest common factor of g and 1333.
31
Suppose 0*n = 4*n - 28. Suppose 0 = -n*r + 12*r - 380. Calculate the highest common factor of 19 and r.
19
Suppose -686*g + 692*g - 180 = 0. Let l be -20*6*(-2)/6. What is the highest common factor of l and g?
10
Let d be 173 + -8 - (2 + -5 - 3). Calculate the greatest common factor of d and 1311.
57
Let f = 2217 + -1965. What is the highest common divisor of 1176 and f?
84
Let y = -2548 + 3452. What is the greatest common divisor of 40 and y?
8
Let n be ((-24)/(-84))/((-2)/(-7)). Let g be -16 + 17 - (25 - n). Let w = g - -35. Calculate the greatest common factor of 60 and w.
12
Let l = -197 - -230. Suppose 50*p = l*p + 6664. What is the highest common factor of 112 and p?
56
Suppose -21 + 56 = 7*w. Let m be (-231)/44*-92 + 0 + w. What is the greatest common divisor of 61 and m?
61
Let p be 3553/77 + (-1)/7. Let o(f) = -f**3 + 2*f**2 + 69. Let w be o(0). Calculate the highest common factor of w and p.
23
Suppose 0 = -8*i - 90 + 1234. Let m = 198 - i. What is the highest common divisor of m and 99?
11
Suppose -3*c + 15 = 0, 0 = -3*l + 3*c + 52 - 1. Suppose 312 = -9*x + 1797. What is the highest common factor of l and x?
11
Let u(z) = 2*z**2 - 15*z + 3. Let x be u(9). Suppose -x*w + 1669 = 199. What is the greatest common divisor of w and 35?
7
Suppose -4*j + 3*v + 221 = 0, -v = -5*j + 86 + 193. Let w = 27205 - 27077. What is the greatest common factor of w and j?
8
Let f be (-2)/(-6) + 2878/6. Let q be (-2)/(((4/6)/(80/36))/((-9180)/425)). What is the greatest common factor of f and q?
48
Let a be 37/1*(3 - 2). Suppose -4*f = d + 34, -7*d + a = -3*f - 2*d. Let j be (-199)/f + (-3)/27. What is the greatest common divisor of j and 22?
22
Suppose 223857 + 139023 = 45*y. Calculate the highest common factor of y and 126.
126
Let r(c) = 17*c - 5. Suppose 2 = 5*q - 23. Suppose -h = -10 + q. Let w be r(h). Calculate the greatest common factor of w and 20.
20
Let u(r) = -33 - 32 - 5*r + 62 + 16*r**2. Let l be u(3). Calculate the greatest common factor of l and 18.
18
Suppose -5*t + 34651 = 2*b + 3937, 0 = 3*t + b - 18429. What is the greatest common divisor of t and 8?
8
Suppose -23*v + 4752 = -423. What is the greatest common divisor of v and 200?
